{"id":47,"date":"2022-05-27T12:58:55","date_gmt":"2022-05-27T10:58:55","guid":{"rendered":"http:\/\/mzmconception.com\/index.php\/mesmerize\/"},"modified":"2022-06-08T23:39:56","modified_gmt":"2022-06-08T21:39:56","slug":"mesmerize","status":"publish","type":"page","link":"https:\/\/mzmconception.com\/","title":{"rendered":"Front Page"},"content":{"rendered":"<div  id=\"overlappable-4\" style=\"background-color: #ffffff;\" data-label=\"Overlappable\" data-id=\"overlappable-4\" data-export-id=\"overlappable-4\" data-category=\"overlappable\" class=\"overlappable-4 content-section content-section-spacing\" data-overlap=\"true\"><div  class=\"gridContainer\"> <div  data-type=\"row\" class=\"row spaced-cols text-center\"><div  class=\"col-xs-12 col-sm-4 col-padding\"> <i  class=\"fa icon shadow-large-black aligncenter color1 fa-clone reverse round large\"><\/i> <div  data-type=\"column\" class=\"\"> <h5  class=\"\">Web Designer<\/h5> <p  class=\"\">Site internet vitrine ou e-commerce, application au choix pour vos projets.<\/p><\/div> <\/div> <div  class=\"col-xs-12 col-sm-4 col-padding\"> <i  class=\"fa icon shadow-large-black aligncenter color1 fa-magic reverse round large\"><\/i> <div  data-type=\"column\" class=\"\"><h5  class=\"\">Creativit\u00e9<\/h5> <p  class=\"\">Un logo? typograhie? choix des couleurs? je peux y r\u00e9pondre.<\/p><\/div> <\/div> <div  class=\"col-xs-12 col-sm-4 col-padding\"> <i  class=\"fa icon shadow-large-black aligncenter color1 fa-handshake-o reverse round large\"><\/i> <div  data-type=\"column\" class=\"\"><h5  class=\"\">Engagement<\/h5> <p  class=\"\">Vos projets accomplis avec passion, dans les meilleurs d\u00e9lais.<\/p><\/div> <\/div><\/div> <\/div><\/div><div  id=\"about-1\" style=\"background-color: #f5fafd;\" data-label=\"About\" data-id=\"about-1\" data-export-id=\"about-1\" data-category=\"about\" class=\"about-1 content-section\"><div  class=\"gridContainer\"> <div  class=\"row text-center\"><div  class=\"section-title-col\" data-type=\"column\">  <h2  class=\"\">\u00ab&nbsp;Dans chaque enfant il y a un artiste. Le probl\u00e8me est de savoir comment rester un artiste en grandissant.&nbsp;\u00bb<\/h2> <p  class=\"lead\">Pablo Picasso.<\/p><\/div> <\/div> <div  class=\"row\"> <div  class=\"button-holder space-bottom space-bottom-small\" data-type=\"column\"> <\/div> <div  class=\"col-xs bottom-xs flexbox image-group-bottom-3-img space-bottom-xs center-xs\"> <img decoding=\"async\"  class=\"left-img shadow-large-black\" data-size=\"500x300\" src=\"https:\/\/mzmconception.com\/wp-content\/uploads\/2022\/06\/cropped-startup-g91286fed3_1920.jpg\" title=\"cropped-startup-g91286fed3_1920.jpg\" alt=\"\"> <img decoding=\"async\"  class=\"center-img shadow-large-black\" data-size=\"500x300\" src=\"https:\/\/mzmconception.com\/wp-content\/uploads\/2022\/06\/cropped-laptop-gc1e46f983_1920.jpg\" title=\"cropped-laptop-gc1e46f983_1920.jpg\" alt=\"\"> <img decoding=\"async\"  class=\"right-img shadow-large-black\" data-size=\"500x300\" src=\"https:\/\/mzmconception.com\/wp-content\/uploads\/2022\/06\/creative-g7db730348_1920.jpg\" title=\"creative-g7db730348_1920\" alt=\"\"><\/div> <\/div><\/div> <\/div><div  id=\"features-3\" style=\"background-color: #ffffff;\" data-label=\"Features\" data-id=\"features-12-card-bordered\" data-export-id=\"features-12-card-bordered\" data-category=\"features\" class=\"features-12-card-bordered content-section content-section-spacing \"><div  class=\"gridContainer\"> <div  class=\"row text-center\"><div  class=\"section-title-col\" data-type=\"column\"> <h2  class=\"\">MZM Conception ?<\/h2><p  class=\"lead\">Bonjour je m\u2019appelle Mehdi et je suis web designer, illustrateur et surtout passionn\u00e9e par l\u2019art sous bien des formes, qu\u2019elle soit num\u00e9rique, sur papier, toile ou vid\u00e9o. Cette passion est devenu mon m\u00e9tier, \u00e0 pr\u00e9sent je compte faire profiter ma cr\u00e9ativit\u00e9 pour vos projets.<\/p> <\/div> <\/div> <div  class=\"row spaced-cols\" data-type=\"row\"> <div  class=\"col-sm-6\"> <div  class=\"card row-card bordered y-move\"> <div  class=\"row\"> <div  class=\"col-sm-fit icon-column\"> <i  class=\"fa icon fa-connectdevelop round bordered color2\"><\/i> <\/div> <div  class=\"col-sm\" data-type=\"column\"> <h5  class=\"color2\">Le web<\/h5> <p  class=\"\">De nos jours internet repr\u00e9sente la plus grande diffusion international qui puisse exister. De la grande multi-nationale a l\u2019auto-entrepreneur voir du particulier tous d\u00e9sirent avoir leur place sur la toile .<\/p><\/div> <\/div><\/div> <\/div> <div  class=\"col-sm-6\"> <div  class=\"card row-card bordered y-move\"> <div  class=\"row\"> <div  class=\"col-sm-fit icon-column\"> <a  data-cp-link=\"1\" href=\"#\"><i  class=\"fa icon fa-codepen round bordered color2\"><\/i><\/a> <\/div> <div  class=\"col-sm\" data-type=\"column\"> <h5  class=\"color2\">Multi-projets<\/h5> <p  class=\"\">Que se soit pour un site, une appli, des brochures. En tant que web designer je peux vous accompagn\u00e9e pour un ou plusieurs projets.<\/p><\/div> <\/div><\/div> <\/div> <div  class=\"col-sm-6\"> <div  class=\"card row-card bordered y-move\"> <div  class=\"row\"> <div  class=\"col-sm-fit icon-column\"> <i  class=\"fa icon fa-cube round bordered color2\"><\/i> <\/div> <div  class=\"col-sm\" data-type=\"column\"> <h5  class=\"color2\">Livraison&nbsp;<\/h5> <p  class=\"\">Le temps c\u2019est de l\u2019argent parait il ?&nbsp; alors il ne faut pas perdre son temps surtout avec des projets en cours. Je m\u2019engage \u00e0 respecter les d\u00e9lais selon la date indiqu\u00e9e.&nbsp; &nbsp;<\/p><\/div> <\/div><\/div> <\/div> <div  class=\"col-sm-6\"> <div  class=\"card row-card bordered y-move\"> <div  class=\"row\"> <div  class=\"col-sm-fit icon-column\"> <i  class=\"fa icon fa-database round bordered color2\"><\/i> <\/div> <div  class=\"col-sm\" data-type=\"column\"> <h5  class=\"color2\">Devis<\/h5> <p  class=\"\">Chaque Travail m\u00e9rite salaire mais chaque travail n\u2019est pas du m\u00e9me salaire, c\u2019est pour cela que selon vos demande un devis est n\u00e9cessaire.<\/p><\/div> <\/div><\/div> <\/div><\/div> <\/div><\/div><div  id=\"content-13\" style=\"background-color: #f5fafd;\" data-label=\"Content\" data-id=\"content-2\" data-export-id=\"content-2\" data-category=\"content\" class=\"content-2 content-section content-section-spacing\"><div > <div  class=\"row middle-xs\"><div  class=\"col-sm-5 bg-image shadow-large-black\" data-bg=\"image\"><\/div> <div  class=\"col-sm-7 full-col-left-padding full-col-right-padding\"> <div  class=\"row\"> <div  data-type=\"column\" class=\"space-bottom-small content-title-col\">  <h2  class=\"\">Mes comp\u00e9tences<\/h2> <p  class=\"\">En tant que Web designer, je poss\u00e8de de multiple casquette c\u2019est pour cela que je vous pr\u00e9sente mes domaines de comp\u00e9tence.<\/p><\/div> <\/div> <div  class=\"row spaced-cols \" data-type=\"row\"> <div  class=\"col-xs-6\" data-type=\"column\"> <h5  class=\"\">Illustrateur<\/h5> <p  class=\"\">Le dessin est une de mes passions, mon crayon est a votre disposition .<\/p><\/div> <div  class=\"col-xs-6\" data-type=\"column\"><h5  class=\"\">Web designer<\/h5> <p  class=\"\">Site internet, application, r\u00e9seaux sociaux.<\/p><\/div> <div  class=\"col-xs-6\" data-type=\"column\"><h5  class=\"\">Graphiste<\/h5> <p  class=\"\">Affiche, trackt\/flyer, brochure, c\u2019est dans mes cordes.<\/p><\/div> <div  class=\"col-xs-6\" data-type=\"column\"><h5  class=\"\">Montage vid\u00e9o<\/h5> <p  class=\"\">Clip,vid\u00e9o promotionnel, besoin d\u2019effet? ou supprimer quelque chose? je peux vous aider.<\/p><\/div> <\/div><\/div> <\/div><\/div> <\/div><div  id=\"portfolio-3\" style=\"background-color: #f5fafd;\" data-label=\"Portfolio\" data-id=\"portfolio-4\" data-export-id=\"portfolio-4\" data-category=\"portfolio\" class=\"portfolio-4 content-section content-section-spacing-top\"><div  class=\"\"> <div  class=\"row text-center\"><div  class=\"section-title-col\" data-type=\"column\"> <h2  class=\"\">Portfolio<\/h2> <\/div> <\/div> <div  data-type=\"row\" class=\"row\" data-fixed=\"true\"> <div  class=\"col-xs-12 col-sm-3 no-gutter-col\"> <div  class=\"contentswap-effect\" data-hover-fx=\"portfolio-4\"> <div  class=\"initial-image\"> <img decoding=\"async\"  data-size=\"542x360\" src=\"https:\/\/mzmconception.com\/wp-content\/uploads\/2022\/05\/cropped-BellezzaMockup-e1653659131104.png\"><\/div> <div  class=\"overlay bg-color1\"><\/div> <div  class=\"swap-inner col-xs-12\"> <div  class=\"row full-height-row middle-xs middle-sm\"> <div  class=\"col-xs-12 text-center content-holder\"> <a href=\"#\" target=\"_self\" rel=\"noopener\"><i  class=\"fa icon portfolio-icon fa-search big\" aria-hidden=\"true\"><\/i><\/a><\/div> <\/div><\/div> <\/div><\/div> <div  class=\"col-xs-12 col-sm-3 no-gutter-col\"><div  class=\"contentswap-effect\" data-hover-fx=\"portfolio-4\"> <div  class=\"initial-image\"> <img decoding=\"async\"  data-size=\"542x360\" src=\"https:\/\/mzmconception.com\/wp-content\/uploads\/2022\/05\/cropped-CrossFitBan.png\"><\/div> <div  class=\"overlay bg-color1\"><\/div> <div  class=\"swap-inner col-xs-12\"> <div  class=\"row full-height-row middle-xs middle-sm\"> <div  class=\"col-xs-12 text-center content-holder\"> <a href=\"#\" target=\"_self\" rel=\"noopener\"><i  class=\"fa icon portfolio-icon fa-search big\" aria-hidden=\"true\"><\/i><\/a><\/div> <\/div><\/div> <\/div><\/div> <div  class=\"col-xs-12 col-sm-3 no-gutter-col\"><div  class=\"contentswap-effect\" data-hover-fx=\"portfolio-4\"> <div  class=\"initial-image\"> <img decoding=\"async\"  data-size=\"542x360\" src=\"https:\/\/mzmconception.com\/wp-content\/uploads\/2022\/06\/cropped-NubianWhite.png\"><\/div> <div  class=\"overlay bg-color1\"><\/div> <div  class=\"swap-inner col-xs-12\"> <div  class=\"row full-height-row middle-xs middle-sm\"> <div  class=\"col-xs-12 text-center content-holder\"> <a href=\"#\" target=\"_self\" rel=\"noopener\"><i  class=\"fa icon portfolio-icon fa-search big\" aria-hidden=\"true\"><\/i><\/a><\/div> <\/div><\/div> <\/div><\/div> <div  class=\"col-xs-12 col-sm-3 no-gutter-col\"><div  class=\"contentswap-effect\" data-hover-fx=\"portfolio-4\"> <div  class=\"initial-image\"> <img decoding=\"async\"  data-size=\"542x360\" src=\"https:\/\/mzmconception.com\/wp-content\/uploads\/2022\/06\/cropped-Blog.png\"><\/div> <div  class=\"overlay bg-color1\"><\/div> <div  class=\"swap-inner col-xs-12\"> <div  class=\"row full-height-row middle-xs middle-sm\"> <div  class=\"col-xs-12 text-center content-holder\"> <a href=\"#\" target=\"_self\" rel=\"noopener\"><i  class=\"fa icon portfolio-icon fa-search big\" aria-hidden=\"true\"><\/i><\/a><\/div> <\/div><\/div> <\/div><\/div>     <\/div><\/div> <\/div><div  id=\"testimonials-5\" style=\"background-color: #ffffff;\" data-label=\"Testimonials\" data-id=\"testimonials-5\" data-export-id=\"testimonials-5\" data-category=\"testimonials\" class=\"testimonials-5 content-section content-section-spacing\"><div  class=\"gridContainer\"> <div  class=\"row\"><div  data-type=\"column\" class=\"section-title-col\"> <h2  class=\"\">T\u00e9moignages clients<\/h2> <\/div> <\/div> <div  class=\"row spaced-cols content-center-sm\" data-type=\"row\"> <div  class=\"col-xs-12 col-sm-6 col-md-4\"> <div  class=\"card y-move bordered\" data-type=\"column\"> <i  class=\"fa fa-quote-right icon color1 small quotation-icon\"><\/i> <p  class=\"text-center\">Do you sometimes have the feeling that you\u2019re running into the same obstacles over and over again? Many of my conflicts have the same feel to them, like \u201cHey, I think I\u2019ve been here before,<\/p> <img decoding=\"async\"  src=\"https:\/\/mzmconception.com\/wp-content\/uploads\/2022\/06\/Persona1.png\" class=\"round icon\" title=\"Persona1\" alt=\"\"> <h6  class=\"\">Mary<\/h6> <p  class=\"small italic\">Auto-entreupreuse<\/p><\/div> <\/div> <div  class=\"col-xs-12 col-sm-6 col-md-4\"> <div  class=\"card y-move bordered\" data-type=\"column\"> <i  class=\"fa fa-quote-right icon color1 small quotation-icon\"><\/i> <p  class=\"text-center\">Do you sometimes have the feeling that you\u2019re running into the same obstacles over and over again? Many of my conflicts have the same feel to them, like \u201cHey, I think I\u2019ve been here before,<\/p> <img decoding=\"async\"  src=\"https:\/\/mzmconception.com\/wp-content\/uploads\/2022\/06\/Persona2.png\" class=\"round icon\" title=\"Persona2\" alt=\"\"> <h6  class=\"\">Caitlyn<\/h6> <p  class=\"small italic\">Agent immobili\u00e8re<\/p><\/div> <\/div> <div  class=\"col-xs-12 col-sm-6 col-md-4\"> <div  class=\"card y-move bordered\" data-type=\"column\"> <i  class=\"fa fa-quote-right icon color1 small quotation-icon\"><\/i> <p  class=\"text-center\">Do you sometimes have the feeling that you\u2019re running into the same obstacles over and over again? Many of my conflicts have the same feel to them, like \u201cHey, I think I\u2019ve been here before,<\/p> <img decoding=\"async\"  src=\"https:\/\/mzmconception.com\/wp-content\/uploads\/2022\/06\/Persona3.png\" class=\"round icon\" title=\"Persona3\" alt=\"\"> <h6  class=\"\">adam<\/h6> <p  class=\"small italic\">Youtubeur<\/p><\/div> <\/div><\/div> <\/div><\/div><div  id=\"latest-news-1\" style=\"background-color: #f5fafd;\" data-label=\"Latest-news\" data-id=\"blog-section\" data-export-id=\"blog-section\" data-category=\"latest_news\" class=\"blog-section blog-section-standard content-section content-section-spacing\"><div  class=\"gridContainer\"> <div  class=\"row\"><div  data-type=\"column\" class=\"section-title-col\"> <h2  class=\"\">\u00ab&nbsp;L\u2019artiste est l\u2019homme libre par excellence&nbsp;\u00bb<\/h2> <p  class=\"lead\">Marcel Gauchet.<\/p><img decoding=\"async\"  class=\"custom-image\" src=\"https:\/\/mzmconception.com\/wp-content\/uploads\/2022\/05\/cropped-cropped-cropped-MzmRaiders-Recupere-1.jpg\" title=\"cropped-cropped-cropped-MzmRaiders-Recupere-1.jpg\" alt=\"\"><\/div> <\/div> <div  class=\"row\"> <div  data-type=\"row\" data-dynamic-columns=\"handled\" data-content-shortcode=\"mesmerize_latest_news columns=&quot;12&quot; \">        <div class=\"row center-sm content-left-sm\">\n                    <div id=\"post-86\" class=\"col-sm-6 col-md-12 space-bottom space-bottom-xs\">\n                <div class=\"post-content card y-move bordered\">\n                                        <div class=\"col-padding col-padding-xs\">\n                        <h3 class=\"post-title space-bottom-small\">\n                            <a href=\"https:\/\/mzmconception.com\/index.php\/2022\/05\/29\/86\/\" rel=\"bookmark\">\n                                vid\u00e9o clip                            <\/a>\n                        <\/h3>\n                                                <a class=\"read-more link\" href=\"https:\/\/mzmconception.com\/index.php\/2022\/05\/29\/86\/\">\n                            Read more                        <\/a>\n                    <\/div>\n                <\/div>\n            <\/div>\n            <\/div>\n    <\/div><\/div> <div  class=\"row\"><div  class=\"text-center\"> <a  class=\"button color1\" data-attr-shortcode=\"href:mesmerize_blog_link\" href=\"https:\/\/mzmconception.com\/index.php\/le-nouveau-e-mucem-ouvre-ses-portes-2\/\">contact<\/a><\/div> <\/div><\/div><\/div><div  id=\"contact-1\" data-label=\"Contact\" data-id=\"contact-1\" data-export-id=\"contact-1\" data-category=\"contact\" class=\"contact-1 content-section content-section-spacing white-text\" data-parallax-depth=\"20\"><div  class=\"gridContainer\"> <div  class=\"row text-center\"><div  class=\"section-title-col\" data-type=\"column\"> <h2  class=\"\">Contactez moi<\/h2> <img decoding=\"async\"  class=\"custom-image\" src=\"https:\/\/mzmconception.com\/wp-content\/uploads\/2022\/05\/cropped-MZMlogo-1.png\" title=\"cropped-MZMlogo-1.png\" alt=\"\"><\/div> <\/div> <div  class=\"row text-center\"> <div  class=\"col-xs-12 col-sm-8 col-sm-offset-2 contact-form-wrapper inline-info\"> <div  class=\"card large-padding\"> <div  class=\"\" data-content-shortcode=\"mesmerize_contact_form shortcode=&quot;mzmconception@gmail.com&quot;\" data-editable=\"true\">[mzmconception@gmail.com]<\/div><\/div> <\/div><\/div> <\/div><\/div><!-- Created with Elementor -->","protected":false},"excerpt":{"rendered":"<p>Web Designer Site internet vitrine ou e-commerce, application au choix pour vos projets. Creativit\u00e9 Un logo? typograhie? choix des couleurs? je peux y r\u00e9pondre. Engagement Vos projets accomplis avec passion, dans les meilleurs d\u00e9lais. \u00ab&nbsp;Dans chaque enfant il y a un artiste. Le probl\u00e8me est de savoir comment rester un artiste en grandissant.&nbsp;\u00bb Pablo Picasso.&hellip; <br \/> <a class=\"read-more\" href=\"https:\/\/mzmconception.com\/index.php\/2022\/05\/29\/86\/\">Read more<\/a><\/p>\n","protected":false},"author":1,"featured_media":0,"parent":13,"menu_order":0,"comment_status":"closed","ping_status":"closed","template":"page-templates\/homepage.php","meta":{"spay_email":"","footnotes":""},"class_list":["post-47","page","type-page","status-publish","hentry"],"yoast_head":"<!-- This site is optimized with the Yoast SEO plugin v19.0 - https:\/\/yoast.com\/wordpress\/plugins\/seo\/ -->\n<title>Front Page - MZM<\/title>\n<meta name=\"robots\" content=\"index, follow, max-snippet:-1, max-image-preview:large, max-video-preview:-1\" \/>\n<link rel=\"canonical\" href=\"https:\/\/mzmconception.com\/\" \/>\n<meta property=\"og:locale\" content=\"en_US\" \/>\n<meta property=\"og:type\" content=\"article\" \/>\n<meta property=\"og:title\" content=\"Front Page - MZM\" \/>\n<meta property=\"og:description\" content=\"Web Designer Site internet vitrine ou e-commerce, application au choix pour vos projets. Creativit\u00e9 Un logo? typograhie? choix des couleurs? je peux y r\u00e9pondre. Engagement Vos projets accomplis avec passion, dans les meilleurs d\u00e9lais. \u00ab&nbsp;Dans chaque enfant il y a un artiste. Le probl\u00e8me est de savoir comment rester un artiste en grandissant.&nbsp;\u00bb Pablo Picasso.&hellip; Read more\" \/>\n<meta property=\"og:url\" content=\"https:\/\/mzmconception.com\/\" \/>\n<meta property=\"og:site_name\" content=\"MZM\" \/>\n<meta property=\"article:modified_time\" content=\"2022-06-08T21:39:56+00:00\" \/>\n<meta property=\"og:image\" content=\"https:\/\/mzmconception.com\/wp-content\/uploads\/2022\/06\/cropped-startup-g91286fed3_1920.jpg\" \/>\n<meta name=\"twitter:card\" content=\"summary_large_image\" \/>\n<meta name=\"twitter:label1\" content=\"Est. reading time\" \/>\n\t<meta name=\"twitter:data1\" content=\"2 minutes\" \/>\n<script type=\"application\/ld+json\" class=\"yoast-schema-graph\">{\"@context\":\"https:\/\/schema.org\",\"@graph\":[{\"@type\":[\"Person\",\"Organization\"],\"@id\":\"https:\/\/mzmconception.com\/#\/schema\/person\/ca203a520e41e0dbcf934b61aee390e3\",\"name\":\"admin5525\",\"image\":{\"@type\":\"ImageObject\",\"inLanguage\":\"en-US\",\"@id\":\"https:\/\/mzmconception.com\/#\/schema\/person\/image\/\",\"url\":\"https:\/\/mzmconception.com\/wp-content\/uploads\/2022\/05\/cropped-cropped-MzmRaiders-Recupere.jpg\",\"contentUrl\":\"https:\/\/mzmconception.com\/wp-content\/uploads\/2022\/05\/cropped-cropped-MzmRaiders-Recupere.jpg\",\"width\":512,\"height\":512,\"caption\":\"admin5525\"},\"logo\":{\"@id\":\"https:\/\/mzmconception.com\/#\/schema\/person\/image\/\"},\"sameAs\":[\"http:\/\/mzmconception.com\",\"https:\/\/www.instagram.com\/mzmconception\"]},{\"@type\":\"WebSite\",\"@id\":\"https:\/\/mzmconception.com\/#website\",\"url\":\"https:\/\/mzmconception.com\/\",\"name\":\"MZM\",\"description\":\"\",\"publisher\":{\"@id\":\"https:\/\/mzmconception.com\/#\/schema\/person\/ca203a520e41e0dbcf934b61aee390e3\"},\"potentialAction\":[{\"@type\":\"SearchAction\",\"target\":{\"@type\":\"EntryPoint\",\"urlTemplate\":\"https:\/\/mzmconception.com\/?s={search_term_string}\"},\"query-input\":\"required name=search_term_string\"}],\"inLanguage\":\"en-US\"},{\"@type\":\"ImageObject\",\"inLanguage\":\"en-US\",\"@id\":\"https:\/\/mzmconception.com\/#primaryimage\",\"url\":\"https:\/\/mzmconception.com\/wp-content\/uploads\/2022\/06\/cropped-startup-g91286fed3_1920.jpg\",\"contentUrl\":\"https:\/\/mzmconception.com\/wp-content\/uploads\/2022\/06\/cropped-startup-g91286fed3_1920.jpg\",\"width\":1920,\"height\":1152},{\"@type\":\"WebPage\",\"@id\":\"https:\/\/mzmconception.com\/#webpage\",\"url\":\"https:\/\/mzmconception.com\/\",\"name\":\"Front Page - MZM\",\"isPartOf\":{\"@id\":\"https:\/\/mzmconception.com\/#website\"},\"primaryImageOfPage\":{\"@id\":\"https:\/\/mzmconception.com\/#primaryimage\"},\"datePublished\":\"2022-05-27T10:58:55+00:00\",\"dateModified\":\"2022-06-08T21:39:56+00:00\",\"breadcrumb\":{\"@id\":\"https:\/\/mzmconception.com\/#breadcrumb\"},\"inLanguage\":\"en-US\",\"potentialAction\":[{\"@type\":\"ReadAction\",\"target\":[\"https:\/\/mzmconception.com\/\"]}]},{\"@type\":\"BreadcrumbList\",\"@id\":\"https:\/\/mzmconception.com\/#breadcrumb\",\"itemListElement\":[{\"@type\":\"ListItem\",\"position\":1,\"name\":\"Accueil\",\"item\":\"https:\/\/mzmconception.com\/\"},{\"@type\":\"ListItem\",\"position\":2,\"name\":\"\u00c0 propos de\",\"item\":\"https:\/\/mzmconception.com\/index.php\/a-propos-de\/\"},{\"@type\":\"ListItem\",\"position\":3,\"name\":\"Front Page\"}]}]}<\/script>\n<!-- \/ Yoast SEO plugin. -->","yoast_head_json":{"title":"Front Page - MZM","robots":{"index":"index","follow":"follow","max-snippet":"max-snippet:-1","max-image-preview":"max-image-preview:large","max-video-preview":"max-video-preview:-1"},"canonical":"https:\/\/mzmconception.com\/","og_locale":"en_US","og_type":"article","og_title":"Front Page - MZM","og_description":"Web Designer Site internet vitrine ou e-commerce, application au choix pour vos projets. Creativit\u00e9 Un logo? typograhie? choix des couleurs? je peux y r\u00e9pondre. Engagement Vos projets accomplis avec passion, dans les meilleurs d\u00e9lais. \u00ab&nbsp;Dans chaque enfant il y a un artiste. Le probl\u00e8me est de savoir comment rester un artiste en grandissant.&nbsp;\u00bb Pablo Picasso.&hellip; Read more","og_url":"https:\/\/mzmconception.com\/","og_site_name":"MZM","article_modified_time":"2022-06-08T21:39:56+00:00","og_image":[{"url":"https:\/\/mzmconception.com\/wp-content\/uploads\/2022\/06\/cropped-startup-g91286fed3_1920.jpg"}],"twitter_card":"summary_large_image","twitter_misc":{"Est. reading time":"2 minutes"},"schema":{"@context":"https:\/\/schema.org","@graph":[{"@type":["Person","Organization"],"@id":"https:\/\/mzmconception.com\/#\/schema\/person\/ca203a520e41e0dbcf934b61aee390e3","name":"admin5525","image":{"@type":"ImageObject","inLanguage":"en-US","@id":"https:\/\/mzmconception.com\/#\/schema\/person\/image\/","url":"https:\/\/mzmconception.com\/wp-content\/uploads\/2022\/05\/cropped-cropped-MzmRaiders-Recupere.jpg","contentUrl":"https:\/\/mzmconception.com\/wp-content\/uploads\/2022\/05\/cropped-cropped-MzmRaiders-Recupere.jpg","width":512,"height":512,"caption":"admin5525"},"logo":{"@id":"https:\/\/mzmconception.com\/#\/schema\/person\/image\/"},"sameAs":["http:\/\/mzmconception.com","https:\/\/www.instagram.com\/mzmconception"]},{"@type":"WebSite","@id":"https:\/\/mzmconception.com\/#website","url":"https:\/\/mzmconception.com\/","name":"MZM","description":"","publisher":{"@id":"https:\/\/mzmconception.com\/#\/schema\/person\/ca203a520e41e0dbcf934b61aee390e3"},"potentialAction":[{"@type":"SearchAction","target":{"@type":"EntryPoint","urlTemplate":"https:\/\/mzmconception.com\/?s={search_term_string}"},"query-input":"required name=search_term_string"}],"inLanguage":"en-US"},{"@type":"ImageObject","inLanguage":"en-US","@id":"https:\/\/mzmconception.com\/#primaryimage","url":"https:\/\/mzmconception.com\/wp-content\/uploads\/2022\/06\/cropped-startup-g91286fed3_1920.jpg","contentUrl":"https:\/\/mzmconception.com\/wp-content\/uploads\/2022\/06\/cropped-startup-g91286fed3_1920.jpg","width":1920,"height":1152},{"@type":"WebPage","@id":"https:\/\/mzmconception.com\/#webpage","url":"https:\/\/mzmconception.com\/","name":"Front Page - MZM","isPartOf":{"@id":"https:\/\/mzmconception.com\/#website"},"primaryImageOfPage":{"@id":"https:\/\/mzmconception.com\/#primaryimage"},"datePublished":"2022-05-27T10:58:55+00:00","dateModified":"2022-06-08T21:39:56+00:00","breadcrumb":{"@id":"https:\/\/mzmconception.com\/#breadcrumb"},"inLanguage":"en-US","potentialAction":[{"@type":"ReadAction","target":["https:\/\/mzmconception.com\/"]}]},{"@type":"BreadcrumbList","@id":"https:\/\/mzmconception.com\/#breadcrumb","itemListElement":[{"@type":"ListItem","position":1,"name":"Accueil","item":"https:\/\/mzmconception.com\/"},{"@type":"ListItem","position":2,"name":"\u00c0 propos de","item":"https:\/\/mzmconception.com\/index.php\/a-propos-de\/"},{"@type":"ListItem","position":3,"name":"Front Page"}]}]}},"_links":{"self":[{"href":"https:\/\/mzmconception.com\/index.php\/wp-json\/wp\/v2\/pages\/47","targetHints":{"allow":["GET"]}}],"collection":[{"href":"https:\/\/mzmconception.com\/index.php\/wp-json\/wp\/v2\/pages"}],"about":[{"href":"https:\/\/mzmconception.com\/index.php\/wp-json\/wp\/v2\/types\/page"}],"author":[{"embeddable":true,"href":"https:\/\/mzmconception.com\/index.php\/wp-json\/wp\/v2\/users\/1"}],"replies":[{"embeddable":true,"href":"https:\/\/mzmconception.com\/index.php\/wp-json\/wp\/v2\/comments?post=47"}],"version-history":[{"count":11,"href":"https:\/\/mzmconception.com\/index.php\/wp-json\/wp\/v2\/pages\/47\/revisions"}],"predecessor-version":[{"id":139,"href":"https:\/\/mzmconception.com\/index.php\/wp-json\/wp\/v2\/pages\/47\/revisions\/139"}],"up":[{"embeddable":true,"href":"https:\/\/mzmconception.com\/index.php\/wp-json\/wp\/v2\/pages\/13"}],"wp:attachment":[{"href":"https:\/\/mzmconception.com\/index.php\/wp-json\/wp\/v2\/media?parent=47"}],"curies":[{"name":"wp","href":"https:\/\/api.w.org\/{rel}","templated":true}]}}